 the prime factors of i?
2, 19
What are the prime factors of 479/((-1)/((-8)/(-2 + 6)))?
2, 479
Suppose -6 + 10 = 2*h. Suppose 0 = h*a - 197 - 53. List the prime factors of a.
5
Suppose 3*m = -2*j + 365 + 172, 4*m - 693 = 5*j. What are the prime factors of m?
3, 59
Suppose 0 = 5*r - 8*r - 21. What are the prime factors of 7/(r/(-2)) + 279?
281
Let z = 11 + 0. Suppose 52 = 3*d - z. Let m = d - -52. List the prime factors of m.
73
Let x be ((-50)/15)/5 - 156/9. List the prime factors of 3/x + (-2346)/(-36).
5, 13
Let a be (-5)/25 + 334/(-5). Let v = -21 - a. List the prime factors of v.
2, 23
Suppose 66*n - 74*n = -10904. List the prime factors of n.
29, 47
Suppose 2*f - 1 = 3*f. Let h = 58 + f. What are the prime factors of h?
3, 19
Let u(n) = 16*n**2 + 15*n - 27. List the prime factors of u(4).
17
Let p = 49 - 42. Suppose -336 = -p*l + 182. What are the prime factors of l?
2, 37
Let j(q) = q + 14. Let y be j(-9). Let g be y/((-15)/(-6)) - -1. Suppose 2*u + g*u = 5*h + 65, 4*h = -5*u + 92. List the prime factors of u.
2
Suppose -2*f - 1153 = -5*d - 0*d, -912 = -4*d - f. What are the prime factors of d?
229
Suppose 4619 = -7*m + 11584. List the prime factors of m.
5, 199
Let v = 16 + -16. Let g be (0 - v)/(-4) + 4. Suppose 0 = -o - g*s + 15, 4*s = 5*o + 2*s - 53. What are the prime factors of o?
11
Suppose 0 = 5*a + 2*x - 15, 0*a + 4*x - 24 = -4*a. List the prime factors of a - 3/(-1) - -48.
2, 13
Let o(a) = a**2 - a - 3*a**3 + 1 - a**2 + 3*a**2 + 0. Let y be o(-3). Suppose -80 = -2*t - 0*n + 5*n, 2*t = -3*n + y. What are the prime factors of t?
2, 5
Let s = -341 - -995. What are the prime factors of s?
2, 3, 109
Suppose 3 + 9 = -3*b + 4*a, 5*b - 9 = -3*a. Suppose -2*l + 176 = -b*l. What are the prime factors of l?
2, 11
Let i(n) = 91*n**3 - 3*n**2 - 14*n + 40. What are the prime factors of i(3)?
2, 607
Let o(t) be the first derivative of -2*t**4 + t**3/3 - 4*t**2 - 8*t - 23. What are the prime factors of o(-3)?
241
Let w = 47 + -44. Suppose 348 = t + w*t. What are the prime factors of t?
3, 29
Let c = -181 - -306. List the prime factors of c.
5
Suppose -q - 2*q + 102 = 0. Let b = 154 - q. What are the prime factors of b?
2, 3, 5
Let b be (-12)/9*3/(-2). Suppose b = 5*q + 22. What are the prime factors of (q/(-5))/(5/50)?
2
Let f be 2 - ((-21)/(-3) + 1). What are the prime factors of (10/f)/(1/(-30))?
2, 5
Let i(d) = 370*d**2 - 1. What are the prime factors of i(1)?
3, 41
Let f be ((-2)/(-10))/(4/(-20)) + 3. Suppose -2*m - 91 = 4*r - 5*r, 0 = -f*r + 3*m + 180. What are the prime factors of r?
3, 29
Let r = -30 - -38. Let h = 65 + r. List the prime factors of h.
73
Let x be 104/24 + (-1)/3. Suppose x*u = -0*u. Let q(k) = k**3 + k**2 - k + 20. What are the prime factors of q(u)?
2, 5
Let g = -427 - -680. What are the prime factors of g?
11, 23
Let d = 258 + -181. Let p = d + -8. Let s = p + -45. What are the prime factors of s?
2, 3
Let m = -108 - -60. What are the prime factors of 204 - (m/(-4))/3?
2, 5
Suppose 7488 = 757*m - 748*m. What are the prime factors of m?
2, 13
Let x(a) = 5*a**2 + 2*a - 13. Let q be x(9). Suppose -4*d + 369 = -0*d - 5*j, 0 = -5*d - 4*j + q. What are the prime factors of d?
2, 43
Let x(t) = -4*t. Let y be x(-3). Let n = y - 8. Suppose -90 = -n*m + 5*j, -3*m + 78 - 12 = -3*j. What are the prime factors of m?
2, 5
Let x be 83*2/10*5. Let a = 116 - x. List the prime factors of a.
3, 11
Let d(a) = 6*a**2 + 36*a - 61. List the prime factors of d(26).
4931
Let m(b) = 20*b + 4. Let o be m(6). Let n = o - 106. What are the prime factors of n?
2, 3
Suppose 1790 + 1612 = 6*v. What are the prime factors of v?
3, 7
Let a(k) = 2*k**3 + 17*k**2 - 37*k - 13. Let i(y) = -y**3 - 8*y**2 + 19*y + 6. Let x(l) = -4*a(l) - 7*i(l). What are the prime factors of x(-14)?
2, 3
Suppose 63388 = 31*c - 5*c. What are the prime factors of c?
2, 23, 53
Suppose 1274 + 38 = 2*q + 4*j, -3*j = 4*q - 2649. List the prime factors of q.
2, 3, 37
Suppose -3*r = -3*o - 468, r - o = 5*r - 649. Suppose 3*s + 0*t = t + 155, 3*s - r = -5*t. List the prime factors of s.
2, 13
Let d = 1726 + -431. What are the prime factors of d?
5, 7, 37
Let v(b) be the third derivative of -3*b**4/8 + 9*b**3/2 + 23*b**2. List the prime factors of v(-8).
3, 11
Let x = 57 - 62. Let f = x - -99. List the prime factors of f.
2, 47
Let u(a) = -a**3 - 19*a - 69. What are the prime factors of u(-7)?
11, 37
Suppose -1 = -q, -730 = -8*z + 7*z + q. List the prime factors of z.
17, 43
Let h = 115 + -102. Let p = 112 - h. List the prime factors of p.
3, 11
Let m(b) = -97*b - 75. Let o be m(-7). Suppose 0 = -5*d + 5, -d - o = -3*s - 71. What are the prime factors of s?
2, 89
Suppose -5*d - l = -4*d - 629, 1903 = 3*d - 5*l. List the prime factors of d.
631
What are the prime factors of 181*(-1)/(-2)*(-18)/(-9)?
181
Suppose 4 - 6 = -r. Let o(p) = 25*p + 2*p**2 - 3*p**2 - 30*p + r*p**2. List the prime factors of o(8).
2, 3
Let a be (42/(-70))/(-1 - (-21)/30). Suppose 3*o - y - 100 = 4*y, a*o - 5*y = 75. List the prime factors of o.
5
Let w(i) = i**2 - 3*i - 13. Let o be w(6). Suppose 3*l - 7 = o. Suppose 2*f - 3*z - 73 = 104, -l*z = 12. What are the prime factors of f?
2, 3, 7
Let u = 34 - 37. Let x = 8 - u. What are the prime factors of x?
11
Let g(c) = -c**3 + 20*c**2 - 37*c + 25. What are the prime factors of g(15)?
5, 7, 17
Suppose 6*q = q - 3*l + 966, -2*q = -4*l - 376. Suppose 4*j + 2*c = q, -2*c + 3*c - 47 = -j. What are the prime factors of j?
7
Let v(j) = 13*j - 5. Let z be v(-5). Let r = 98 + z. List the prime factors of r.
2, 7
Let u(r) = -39*r**3 - r. Suppose 2*h - 25 = -3*o, 7*o = 3*o - 5*h + 24. Let i = 10 - o. What are the prime factors of u(i)?
2, 5
Suppose -2*b + 11 = -b. Let o(f) = -2*f**2 + 26*f - 2. What are the prime factors of o(b)?
2, 3, 7
Suppose -6*z + 0*z = -2868. List the prime factors of z.
2, 239
Let v = -13 - -1. Suppose 8*q + 416 = -8*q. Let l = v - q. List the prime factors of l.
2, 7
Let m = -7 + 9. Let y(g) = 12*g**3 - g**2 - 2*g - 2. List the prime factors of y(m).
2, 43
Let z = -39 - -40. Let s = 10 + z. What are the prime factors of s?
11
Suppose -3*q = -6*q - 3. What are the prime factors of 3 - ((-3276)/12 - (-2)/q)?
2, 139
Let z(u) = -u**3 - 6*u**2 - 7*u - 1. Let j be z(-6). Suppose -s - j = 71. Let w = -54 - s. What are the prime factors of w?
2, 29
Let s(b) = -3*b + 9. Let i(g) = -g**3 + 3*g**2 - 6*g. Let a be i(4). Let k be ((-6)/(-8))/(5/a). What are the prime factors of s(k)?
3
Let x = -14 + 16. Suppose o - 2*o - 24 = -x*f, -5*o + 4*f = 102. Let g = 20 + o. What are the prime factors of g?
2
Let o be (7 - 7) + (22 - 1). Suppose 2*l - o = -3. Suppose 5*s + l = 2*a - 3, -s - 20 = -2*a. List the prime factors of a.
11
Suppose -88*t + 90*t - 1522 = 0. List the prime factors of t.
761
Let j be (-2 + -22)/(-3) - 2. Suppose 57 = -9*h + j*h. Let w = h + 82. List the prime factors of w.
3, 7
Suppose -4*q + 0*s = 2*s, -q - 5*s = 18. Suppose 0 = q*r - 195 - 193. What are the prime factors of r?
2, 97
Let y be -1 + 3 + -1 + -48. Let q = -33 - y. Let n = q + -6. What are the prime factors of n?
2
Let i be 126/49*28/6. Let k be (-3*1)/(i/(-20)). Suppose 0*u + k*l + 45 = 3*u, 4*l - 72 = -3*u. List the prime factors of u.
2, 5
Let m be -8 + 71 + (1 - 4). Suppose 0 = -t - 45 + m. List the prime factors of t.
3, 5
List the prime factors of 19532/8 + 1*(-1)/2.
2441
List the prime factors of (103/8 - (-6)/48)*3.
3, 13
List the prime factors of -4 + (891/12)/(-9)*-12.
5, 19
Let i(x) = 333*x + 203. List the prime factors of i(10).
3533
Let x = 188 - -513. List the prime factors of x.
701
What are the prime factors of 1840 - (-36)/81*-9?
2, 3, 17
Let b(r) = r**3 - 12*r**2 + 10*r - 3. Let s be b(11). Let f(g) = -g**2 - 14*g + 8. Let y be f(s). List the prime factors of 1/(y/(-10) + 1).
5
Let p(b) = -33*b**2 - 2. Let x(m) = -65*m**2 - 5. Let o(w) = -10*p(w) + 4*x(w). What are the prime factors of o(1)?
2, 5, 7
Let c = 2963 + -2019. List the prime factors of c.
2, 59
Let w(j) = -j - 1. Let y be w(-2). Let a be y/(((-16)/(-132))/4). List the prime factors of (a/2)/(5/10).
3, 11
Let n = 593 + -129. What are the prime factors of n?
2, 29
Let g = 8047 + -5535. What are the prime factors of g?
2, 157
Let a(t) = t**3 + 6*t**2 + 3*t - 7. Suppose 8*r - 9*r = 5. Let q be a(r). Suppos